{"id":217,"date":"2019-07-31T12:12:22","date_gmt":"2019-07-31T12:12:22","guid":{"rendered":"https:\/\/ckdugoselo.wordpress.com\/?page_id=217"},"modified":"2019-07-31T12:12:22","modified_gmt":"2019-07-31T12:12:22","slug":"hck","status":"publish","type":"page","link":"https:\/\/gdck-dugoselo.hr\/?page_id=217","title":{"rendered":"HCK"},"content":{"rendered":"<p><img loading=\"lazy\" decoding=\"async\" class=\"  wp-image-380 alignleft\" src=\"https:\/\/gdck-dugoselo.hr\/wp-content\/uploads\/2020\/04\/hck-2.jpg\" alt=\"HCK 2\" width=\"305\" height=\"163\" \/>Godine 1878. u Zadru, Dubrovniku i Zagrebu osnovane su prve dobrovoljne udruge u Hrvatskoj koje su svoje djelovanje provodile u skladu s me\u0111unarodno prihva\u0107enim odlukama iz 1863. godine. Zadarska &#8220;Ustanova domoljubne zadruge dalmatinske od Gospodja na potporu ranjenim i bolesnim vojnicima&#8221; 22. listopada 1878. godine prva dobiva suglasnost tada\u0161njih vlasti za svoje humanitarno djelovanje.<\/p>\n<p>Od 1878. do 1918. godine Crveni kri\u017e u Hrvatskoj djeluje u sklopu Crvenog kri\u017ea Austrougarske monarhije, a od 1918. do 1941. godine Crveni kri\u017e u Hrvatskoj djeluje u sklopu Crvenog kri\u017ea Kraljevine Srba, Hrvata i Slovenaca te kasnije Kraljevine Jugoslavije.<\/p>\n<p>Hrvatski Crveni kri\u017e od 1941. do 1945. godine djeluje kao samostalno dru\u0161tvo u ratnim uvjetima, ali bez me\u0111unarodnog priznanja tog statusa. Vremensko razdoblje od 1945. do 1991. godine obilje\u017eeno je djelovanjem Crvenoga kri\u017ea u Hrvatskoj kao republi\u010dkog dru\u0161tva Crvenog kri\u017ea unutar Crvenog kri\u017ea Jugoslavije.<\/p>\n<p>Prijelomni trenutak doga\u0111a se 10. listopada 1991. godine kada je donesena odluka o istupanju Crvenog kri\u017ea Hrvatske iz sastava Crvenog kri\u017ea Jugoslavije te od tada pod nazivom Hrvatski Crveni kri\u017e djeluje kao samostalno nacionalno dru\u0161tvo Crvenog kri\u017ea Republike Hrvatske sa Sredi\u0161njim uredom u Zagrebu i s dru\u0161tvima Crvenog kri\u017ea u op\u0107inama, gradovima i \u017eupanijama.<\/p>\n<p>Dva mjeseca kasnije, to\u010dnije 19. prosinca 1991. godine, Sabor Republike Hrvatske usvojio je Zakon o Hrvatskom Crvenom kri\u017eu kojim potvr\u0111uje Hrvatski Crveni kri\u017e kao Nacionalno dru\u0161tvo Crvenog kri\u017ea Republike Hrvatske, a Zastupni\u010dki dom Sabora Republike Hrvatske 13. kolovoza 1993. godine usvojio je Zakon o za\u0161titi znaka i naziva Crvenog kri\u017ea. Godine 2001. donesen je novi Zakon o Hrvatskom Crvenom kri\u017eu. 2010. godine Hrvatski sabor usvojio je novi Zakon o Hrvatskom Crvenom kri\u017eu koji je objedinio i Zakon o za\u0161titi znaka i naziva Crvenog kri\u017ea te je i danas va\u017ee\u0107i.<\/p>\n<p>Na temelju Zakona o Hrvatskom Crvenom kri\u017eu iz 1991. godine, 29. travnja 1992. godine donesen je Statut Hrvatskog Crvenog kri\u017ea koji je bio na snazi sve do dono\u0161enja novog 2011. godine. Trenutno je va\u017ee\u0107i Statut Hrvatskog Crvenog kri\u017ea koji je donesen 2016. godine.<\/p>\n","protected":false},"excerpt":{"rendered":"<p>Godine 1878. u Zadru, Dubrovniku i Zagrebu osnovane su prve dobrovoljne udruge u Hrvatskoj koje su svoje djelovanje provodile u skladu s me\u0111unarodno prihva\u0107enim odlukama iz 1863. godine. Zadarska &#8220;Ustanova domoljubne zadruge dalmatinske od Gospodja na potporu ranjenim i bolesnim vojnicima&#8221; 22. listopada 1878. godine prva dobiva suglasnost tada\u0161njih vlasti za svoje humanitarno djelovanje. Od &hellip; <a href=\"https:\/\/gdck-dugoselo.hr\/?page_id=217\" class=\"more-link\">Continue reading <span class=\"screen-reader-text\">HCK<\/span> <span class=\"meta-nav\">&rarr;<\/span><\/a><\/p>\n","protected":false},"author":1,"featured_media":378,"parent":34,"menu_order":0,"comment_status":"closed","ping_status":"closed","template":"","meta":{"footnotes":""},"jetpack_sharing_enabled":true,"_links":{"self":[{"href":"https:\/\/gdck-dugoselo.hr\/index.php?rest_route=\/wp\/v2\/pages\/217"}],"collection":[{"href":"https:\/\/gdck-dugoselo.hr\/index.php?rest_route=\/wp\/v2\/pages"}],"about":[{"href":"https:\/\/gdck-dugoselo.hr\/index.php?rest_route=\/wp\/v2\/types\/page"}],"author":[{"embeddable":true,"href":"https:\/\/gdck-dugoselo.hr\/index.php?rest_route=\/wp\/v2\/users\/1"}],"replies":[{"embeddable":true,"href":"https:\/\/gdck-dugoselo.hr\/index.php?rest_route=%2Fwp%2Fv2%2Fcomments&post=217"}],"version-history":[{"count":0,"href":"https:\/\/gdck-dugoselo.hr\/index.php?rest_route=\/wp\/v2\/pages\/217\/revisions"}],"up":[{"embeddable":true,"href":"https:\/\/gdck-dugoselo.hr\/index.php?rest_route=\/wp\/v2\/pages\/34"}],"wp:featuredmedia":[{"embeddable":true,"href":"https:\/\/gdck-dugoselo.hr\/index.php?rest_route=\/wp\/v2\/media\/378"}],"wp:attachment":[{"href":"https:\/\/gdck-dugoselo.hr\/index.php?rest_route=%2Fwp%2Fv2%2Fmedia&parent=217"}],"curies":[{"name":"wp","href":"https:\/\/api.w.org\/{rel}","templated":true}]}}