{"id":207,"date":"2019-07-30T14:00:59","date_gmt":"2019-07-30T14:00:59","guid":{"rendered":"https:\/\/ckdugoselo.wordpress.com\/?page_id=207"},"modified":"2026-03-20T12:25:43","modified_gmt":"2026-03-20T12:25:43","slug":"tijela-upravljanja-i-zaposlenici","status":"publish","type":"page","link":"https:\/\/gdck-dugoselo.hr\/?page_id=207","title":{"rendered":"Stru\u010dna slu\u017eba"},"content":{"rendered":"<p>Stru\u010dna Slu\u017eba sastoji se od tri stalno zaposlena djelatnika, te velikog broja aktivista i volontera, bez kojih bi velik broj aktivnosti bilo nemogu\u0107e provesti. Za povremene ili specifi\u010dne poslove (te\u010dajevi prve pomo\u0107i, voditelji u Kampu, knjigovodstvene usluge) anga\u017eiraju se stru\u010dnjaci.<br \/>Prema mogu\u0107nosti, povremeno se (na razdoblje od 6 mjeseci) putem javnih radova upo\u0161ljavaju djelatnici na poslovima rada u skladi\u0161tu.<\/p>\n<p>Stalno zaposleni djelatnici:<\/p>\n<p>Renata Jaki\u0107, bacc.med.techn., v.d. ravnateljice<\/p>\n<p>Darinka Remenar-Budin, voditeljica socijalnih aktivnosti<\/p>\n\n\n<p><\/p>\n\n\n\n<p><\/p>\n\n\n\n<p><p>Trenutno putem projekta Za\u017eeli  &#8211; Program zapo\u0161ljavanja \u017eena&#8221;, financiranog sredstvima iz Europskog socijalnog fonda imamo zaposleno 10 pomo\u0107nica u ku\u0107i i koordinatora.<\/p><\/p>\n","protected":false},"excerpt":{"rendered":"<p>Stru\u010dna Slu\u017eba sastoji se od tri stalno zaposlena djelatnika, te velikog broja aktivista i volontera, bez kojih bi velik broj aktivnosti bilo nemogu\u0107e provesti. Za povremene ili specifi\u010dne poslove (te\u010dajevi prve pomo\u0107i, voditelji u Kampu, knjigovodstvene usluge) anga\u017eiraju se stru\u010dnjaci.Prema mogu\u0107nosti, povremeno se (na razdoblje od 6 mjeseci) putem javnih radova upo\u0161ljavaju djelatnici na poslovima &hellip; <a href=\"https:\/\/gdck-dugoselo.hr\/?page_id=207\" class=\"more-link\">Continue reading <span class=\"screen-reader-text\">Stru\u010dna slu\u017eba<\/span> <span class=\"meta-nav\">&rarr;<\/span><\/a><\/p>\n","protected":false},"author":1,"featured_media":0,"parent":34,"menu_order":0,"comment_status":"closed","ping_status":"closed","template":"","meta":{"footnotes":""},"jetpack_sharing_enabled":true,"_links":{"self":[{"href":"https:\/\/gdck-dugoselo.hr\/index.php?rest_route=\/wp\/v2\/pages\/207"}],"collection":[{"href":"https:\/\/gdck-dugoselo.hr\/index.php?rest_route=\/wp\/v2\/pages"}],"about":[{"href":"https:\/\/gdck-dugoselo.hr\/index.php?rest_route=\/wp\/v2\/types\/page"}],"author":[{"embeddable":true,"href":"https:\/\/gdck-dugoselo.hr\/index.php?rest_route=\/wp\/v2\/users\/1"}],"replies":[{"embeddable":true,"href":"https:\/\/gdck-dugoselo.hr\/index.php?rest_route=%2Fwp%2Fv2%2Fcomments&post=207"}],"version-history":[{"count":5,"href":"https:\/\/gdck-dugoselo.hr\/index.php?rest_route=\/wp\/v2\/pages\/207\/revisions"}],"predecessor-version":[{"id":1354,"href":"https:\/\/gdck-dugoselo.hr\/index.php?rest_route=\/wp\/v2\/pages\/207\/revisions\/1354"}],"up":[{"embeddable":true,"href":"https:\/\/gdck-dugoselo.hr\/index.php?rest_route=\/wp\/v2\/pages\/34"}],"wp:attachment":[{"href":"https:\/\/gdck-dugoselo.hr\/index.php?rest_route=%2Fwp%2Fv2%2Fmedia&parent=207"}],"curies":[{"name":"wp","href":"https:\/\/api.w.org\/{rel}","templated":true}]}}